{"id":116,"date":"2020-09-17T16:40:33","date_gmt":"2020-09-17T14:40:33","guid":{"rendered":"http:\/\/59depannemicro.fr\/?page_id=116"},"modified":"2025-09-26T10:46:08","modified_gmt":"2025-09-26T08:46:08","slug":"contact-informatique-arras","status":"publish","type":"page","link":"https:\/\/59depannemicro.fr\/index.php\/contact-informatique-arras\/","title":{"rendered":"Contact"},"content":{"rendered":"\t\t<div data-elementor-type=\"wp-page\" data-elementor-id=\"116\" class=\"elementor elementor-116\">\n\t\t\t\t\t\t<section class=\"elementor-section elementor-top-section elementor-element elementor-element-9600438 elementor-section-boxed elementor-section-height-default elementor-section-height-default\" data-id=\"9600438\" data-element_type=\"section\" data-e-type=\"section\">\n\t\t\t\t\t\t<div class=\"elementor-container elementor-column-gap-default\">\n\t\t\t\t\t<div class=\"elementor-column elementor-col-100 elementor-top-column elementor-element elementor-element-488848c\" data-id=\"488848c\" data-element_type=\"column\" data-e-type=\"column\">\n\t\t\t<div class=\"elementor-widget-wrap elementor-element-populated\">\n\t\t\t\t\t\t<div class=\"elementor-element elementor-element-748f726 pp-dual-heading-inline elementor-widget elementor-widget-pp-dual-heading\" data-id=\"748f726\" data-element_type=\"widget\" data-e-type=\"widget\" data-widget_type=\"pp-dual-heading.default\">\n\t\t\t\t<div class=\"elementor-widget-container\">\n\t\t\t\t\t<h1 class=\"pp-dual-heading\"><span class=\"pp-first-text\">Contact <\/span><\/h1>\t\t\t\t<\/div>\n\t\t\t\t<\/div>\n\t\t\t\t\t<\/div>\n\t\t<\/div>\n\t\t\t\t\t<\/div>\n\t\t<\/section>\n\t\t\t\t<section class=\"elementor-section elementor-top-section elementor-element elementor-element-2cc0cbf2 elementor-section-boxed elementor-section-height-default elementor-section-height-default\" data-id=\"2cc0cbf2\" data-element_type=\"section\" data-e-type=\"section\">\n\t\t\t\t\t\t<div class=\"elementor-container elementor-column-gap-default\">\n\t\t\t\t\t<div class=\"elementor-column elementor-col-100 elementor-top-column elementor-element elementor-element-5baf28c4\" data-id=\"5baf28c4\" data-element_type=\"column\" data-e-type=\"column\">\n\t\t\t<div class=\"elementor-widget-wrap elementor-element-populated\">\n\t\t\t\t\t\t<div class=\"elementor-element elementor-element-6d76811d elementor-widget elementor-widget-text-editor\" data-id=\"6d76811d\" data-element_type=\"widget\" data-e-type=\"widget\" data-widget_type=\"text-editor.default\">\n\t\t\t\t<div class=\"elementor-widget-container\">\n\t\t\t\t\t\t\t\t\t<span style=\"color: #ffffff;\">Contact Informatique Arras<\/span>\n<p style=\"font-size: 20px; text-align: center;\"><strong>Un\u00a0 seul\u00a0 interlocuteur\u00a0 \u00e0\u00a0 votre\u00a0 \u00e9coute,\u00a0 Laurent\u00a0 Rocchetti,\u00a0 vous\u00a0 pouvez\u00a0 contacter\u00a0 votre\u00a0 entreprise informatique :\n<\/strong><\/p>\n<p style=\"font-size: 20px; text-align: center;\"><strong>au 03 21 50 61 29,\u00a0 au 06 74 76 30 41 ou sur ce formulaire de contact.\u00a0<\/strong><\/p>\n<p style=\"font-size: 20px; text-align: center;\"><strong> Une r\u00e9ponse vous sera adress\u00e9e en moins de 24 heures.\n<\/strong><\/p>\n<p style=\"text-align: center;\"><strong>Ouvert du lundi au vendredi de 9h \u00e0 12h30 et de 14h \u00e0 18h.<span style=\"color: #ffffff;\">18h.<\/span><\/strong><\/p>\n<p style=\"text-align: center;\">\n<div class=\"wpcf7 no-js\" id=\"wpcf7-f127-o1\" lang=\"fr-FR\" dir=\"ltr\" data-wpcf7-id=\"127\">\n<div class=\"screen-reader-response\"><p role=\"status\" aria-live=\"polite\" aria-atomic=\"true\"><\/p> <ul><\/ul><\/div>\n<form action=\"\/index.php\/wp-json\/wp\/v2\/pages\/116#wpcf7-f127-o1\" method=\"post\" class=\"wpcf7-form init\" aria-label=\"Formulaire de contact\" novalidate=\"novalidate\" data-status=\"init\">\n<fieldset class=\"hidden-fields-container\"><input type=\"hidden\" name=\"_wpcf7\" value=\"127\" \/><input type=\"hidden\" name=\"_wpcf7_version\" value=\"6.1.5\" \/><input type=\"hidden\" name=\"_wpcf7_locale\" value=\"fr_FR\" \/><input type=\"hidden\" name=\"_wpcf7_unit_tag\" value=\"wpcf7-f127-o1\" \/><input type=\"hidden\" name=\"_wpcf7_container_post\" value=\"0\" \/><input type=\"hidden\" name=\"_wpcf7_posted_data_hash\" value=\"\" \/><input type=\"hidden\" name=\"_wpcf7_recaptcha_response\" value=\"\" \/>\n<\/fieldset>\n<p><label> Votre nom (obligatoire)<br \/>\n<span class=\"wpcf7-form-control-wrap\" data-name=\"your-name\"><input size=\"40\" maxlength=\"400\" class=\"wpcf7-form-control wpcf7-text wpcf7-validates-as-required\" aria-required=\"true\" aria-invalid=\"false\" value=\"\" type=\"text\" name=\"your-name\" \/><\/span> <\/label>\n<\/p>\n<p><label> Votre adresse de messagerie (obligatoire)<br \/>\n<span class=\"wpcf7-form-control-wrap\" data-name=\"your-email\"><input size=\"40\" maxlength=\"400\" class=\"wpcf7-form-control wpcf7-email wpcf7-validates-as-required wpcf7-text wpcf7-validates-as-email\" aria-required=\"true\" aria-invalid=\"false\" value=\"\" type=\"email\" name=\"your-email\" \/><\/span> <\/label>\n<\/p>\n<p><label> Objet<br \/>\n<span class=\"wpcf7-form-control-wrap\" data-name=\"your-subject\"><input size=\"40\" maxlength=\"400\" class=\"wpcf7-form-control wpcf7-text\" aria-invalid=\"false\" value=\"\" type=\"text\" name=\"your-subject\" \/><\/span> <\/label>\n<\/p>\n<p><label> Votre message<br \/>\n<span class=\"wpcf7-form-control-wrap\" data-name=\"your-message\"><textarea cols=\"40\" rows=\"10\" maxlength=\"2000\" class=\"wpcf7-form-control wpcf7-textarea\" aria-invalid=\"false\" name=\"your-message\"><\/textarea><\/span> <\/label>\n<\/p>\n<p><input class=\"wpcf7-form-control wpcf7-submit has-spinner\" type=\"submit\" value=\"Envoyer\" \/>\n<\/p><div class=\"wpcf7-response-output\" aria-hidden=\"true\"><\/div>\n<\/form>\n<\/div>\n<\/p>\n<p style=\"text-align: left;\"><\/p>\t\t\t\t\t\t\t\t<\/div>\n\t\t\t\t<\/div>\n\t\t\t\t\t<\/div>\n\t\t<\/div>\n\t\t\t\t\t<\/div>\n\t\t<\/section>\n\t\t\t\t<section class=\"elementor-section elementor-top-section elementor-element elementor-element-13ffcfd elementor-section-boxed elementor-section-height-default elementor-section-height-default\" data-id=\"13ffcfd\" data-element_type=\"section\" data-e-type=\"section\">\n\t\t\t\t\t\t<div class=\"elementor-container elementor-column-gap-default\">\n\t\t\t\t\t<div class=\"elementor-column elementor-col-50 elementor-top-column elementor-element elementor-element-c58facd\" data-id=\"c58facd\" data-element_type=\"column\" data-e-type=\"column\">\n\t\t\t<div class=\"elementor-widget-wrap elementor-element-populated\">\n\t\t\t\t\t\t<div class=\"elementor-element elementor-element-2fb337d elementor-widget elementor-widget-image\" data-id=\"2fb337d\" data-element_type=\"widget\" data-e-type=\"widget\" data-widget_type=\"image.default\">\n\t\t\t\t<div class=\"elementor-widget-container\">\n\t\t\t\t\t\t\t\t\t\t\t\t\t\t\t\t<a href=\"http:\/\/www.jesuisreparateur.fr\">\n\t\t\t\t\t\t\t<img fetchpriority=\"high\" decoding=\"async\" width=\"254\" height=\"199\" src=\"https:\/\/59depannemicro.fr\/wp-content\/uploads\/2021\/11\/images.png\" class=\"attachment-large size-large wp-image-455\" alt=\"Contact Informatique Arras\" srcset=\"https:\/\/59depannemicro.fr\/wp-content\/uploads\/2021\/11\/images.png 254w, https:\/\/59depannemicro.fr\/wp-content\/uploads\/2021\/11\/images-230x180.png 230w\" sizes=\"(max-width: 254px) 100vw, 254px\" \/>\t\t\t\t\t\t\t\t<\/a>\n\t\t\t\t\t\t\t\t\t\t\t\t\t\t\t<\/div>\n\t\t\t\t<\/div>\n\t\t\t\t\t<\/div>\n\t\t<\/div>\n\t\t\t\t<div class=\"elementor-column elementor-col-50 elementor-top-column elementor-element elementor-element-9d45a8e\" data-id=\"9d45a8e\" data-element_type=\"column\" data-e-type=\"column\">\n\t\t\t<div class=\"elementor-widget-wrap elementor-element-populated\">\n\t\t\t\t\t\t<div class=\"elementor-element elementor-element-53f48ac elementor-widget elementor-widget-image\" data-id=\"53f48ac\" data-element_type=\"widget\" data-e-type=\"widget\" data-widget_type=\"image.default\">\n\t\t\t\t<div class=\"elementor-widget-container\">\n\t\t\t\t\t\t\t\t\t\t\t\t\t\t\t\t<a href=\"https:\/\/59depannemicro.fr\/\">\n\t\t\t\t\t\t\t<img decoding=\"async\" width=\"150\" height=\"150\" src=\"https:\/\/59depannemicro.fr\/wp-content\/uploads\/2020\/09\/logo2-150x150.png\" class=\"attachment-thumbnail size-thumbnail wp-image-5\" alt=\"Logo 59 D\u00e9panne Micro\" srcset=\"https:\/\/59depannemicro.fr\/wp-content\/uploads\/2020\/09\/logo2-150x150.png 150w, https:\/\/59depannemicro.fr\/wp-content\/uploads\/2020\/09\/logo2-300x300.png 300w, https:\/\/59depannemicro.fr\/wp-content\/uploads\/2020\/09\/logo2-230x230.png 230w, https:\/\/59depannemicro.fr\/wp-content\/uploads\/2020\/09\/logo2-350x350.png 350w, https:\/\/59depannemicro.fr\/wp-content\/uploads\/2020\/09\/logo2.png 425w\" sizes=\"(max-width: 150px) 100vw, 150px\" \/>\t\t\t\t\t\t\t\t<\/a>\n\t\t\t\t\t\t\t\t\t\t\t\t\t\t\t<\/div>\n\t\t\t\t<\/div>\n\t\t\t\t\t<\/div>\n\t\t<\/div>\n\t\t\t\t\t<\/div>\n\t\t<\/section>\n\t\t\t\t<section class=\"elementor-section elementor-top-section elementor-element elementor-element-f450347 elementor-section-boxed elementor-section-height-default elementor-section-height-default\" data-id=\"f450347\" data-element_type=\"section\" data-e-type=\"section\">\n\t\t\t\t\t\t<div class=\"elementor-container elementor-column-gap-default\">\n\t\t\t\t\t<div class=\"elementor-column elementor-col-100 elementor-top-column elementor-element elementor-element-2d37493\" data-id=\"2d37493\" data-element_type=\"column\" data-e-type=\"column\">\n\t\t\t<div class=\"elementor-widget-wrap elementor-element-populated\">\n\t\t\t\t\t\t<div class=\"elementor-element elementor-element-a8f2af9 elementor-widget elementor-widget-text-editor\" data-id=\"a8f2af9\" data-element_type=\"widget\" data-e-type=\"widget\" data-widget_type=\"text-editor.default\">\n\t\t\t\t<div class=\"elementor-widget-container\">\n\t\t\t\t\t\t\t\t\t<p style=\"text-align: center;\">car Lorem ipsum dolor sit amet, consectetur adipiscing elit. si bien que Nunc finibus quam vel ultrices tincidunt. Donec turpis velit, auctor id enim vel, pellentesque lacinia elit. En raison de Sed pulvinar semper velit, in auctor est blandit at. Donec tristique, nisi venenatis viverra dignissim, metus sem sodales augue, et volutpat mauris erat sed sapien. Donec rhoncus ex vehicula orci blandit mollis. Cras et eros at turpis volutpat fringilla a vitae velit. Curabitur non nulla feugiat, fermentum ex non, convallis ligula. Suspendisse volutpat tellus vitae elementum maximus. Nam tempus ex eu rutrum tincidunt. Interdum et malesuada fames ac ante ipsum primis in faucibus. Nulla porta semper lobortis. Toutefois Nam lorem urna, viverra in erat vehicula, mollis molestie augue. Vivamus viverra diam purus. Car Maecenas neque tellus, volutpat vel felis nec, pellentesque ultricies nibh.<\/p><p style=\"text-align: center;\">Sed eu ante venenatis magna dapibus tincidunt non sed turpis. Phasellus pellentesque, sapien eu mollis egestas, magna nisl interdum quam, at finibus nulla orci quis libero. In hac habitasse platea dictumst. Curabitur porta neque urna, sed mattis nisi tincidunt nec. Nam eu est elementum, feugiat quam id, ultrices lacus. Nam eget posuere turpis. Interdum et malesuada fames ac ante<\/p>\t\t\t\t\t\t\t\t<\/div>\n\t\t\t\t<\/div>\n\t\t\t\t\t<\/div>\n\t\t<\/div>\n\t\t\t\t\t<\/div>\n\t\t<\/section>\n\t\t\t\t<section class=\"elementor-section elementor-top-section elementor-element elementor-element-d854e2c elementor-section-boxed elementor-section-height-default elementor-section-height-default\" data-id=\"d854e2c\" data-element_type=\"section\" data-e-type=\"section\">\n\t\t\t\t\t\t<div class=\"elementor-container elementor-column-gap-default\">\n\t\t\t\t\t<div class=\"elementor-column elementor-col-100 elementor-top-column elementor-element elementor-element-3c73d83\" data-id=\"3c73d83\" data-element_type=\"column\" data-e-type=\"column\">\n\t\t\t<div class=\"elementor-widget-wrap elementor-element-populated\">\n\t\t\t\t\t\t<div class=\"elementor-element elementor-element-aeb4c80 elementor-widget elementor-widget-text-editor\" data-id=\"aeb4c80\" data-element_type=\"widget\" data-e-type=\"widget\" data-widget_type=\"text-editor.default\">\n\t\t\t\t<div class=\"elementor-widget-container\">\n\t\t\t\t\t\t\t\t\t<p>ipsum primis in faucibus. Pellentesque in euismod lorem. Vestibulum eu aliquet ipsum, ac malesuada ex. Phasellus dapibus viverra sapien, quis efficitur justo commodo vitae.<\/p><p>Etiam fermentum euismod felis, in accumsan dui pretium id. Phasellus malesuada tortor felis, vel varius arcu posuere nec. Cras pulvinar sit amet metus sit amet pulvinar. Vivamus luctus massa at justo tincidunt varius. Aliquam ornare urna a massa rutrum, at ornare eros.<\/p><p>Lorem ipsum dolor sit amet, consectetur adipiscing elit. Ut elit tellus, luctus nec ullamcorper mattis, pulvinar dapibus leo.<\/p>\t\t\t\t\t\t\t\t<\/div>\n\t\t\t\t<\/div>\n\t\t\t\t\t<\/div>\n\t\t<\/div>\n\t\t\t\t\t<\/div>\n\t\t<\/section>\n\t\t\t\t<\/div>\n\t\t","protected":false},"excerpt":{"rendered":"<p>Contact Contact Informatique Arras Un\u00a0 seul\u00a0 interlocuteur\u00a0 \u00e0\u00a0 votre\u00a0 \u00e9coute,\u00a0 Laurent\u00a0 Rocchetti,\u00a0 vous\u00a0 pouvez\u00a0 contacter\u00a0 votre\u00a0 entreprise informatique : au 03 21 [&hellip;]<\/p>\n","protected":false},"author":1,"featured_media":0,"parent":0,"menu_order":0,"comment_status":"closed","ping_status":"closed","template":"elementor_header_footer","meta":{"footnotes":""},"class_list":["post-116","page","type-page","status-publish","hentry"],"yoast_head":"<!-- This site is optimized with the Yoast SEO plugin v27.3 - https:\/\/yoast.com\/product\/yoast-seo-wordpress\/ -->\n<title>Contact Informatique Arras<\/title>\n<meta name=\"description\" content=\"Contact Informatique Arras 59 D\u00e9panne Micro service de d\u00e9pannage informatique \u00e0 domicile sur le secteur de Vitry En artois, Arras, Marquion\" \/>\n<meta name=\"robots\" content=\"index, follow, max-snippet:-1, max-image-preview:large, max-video-preview:-1\" \/>\n<link rel=\"canonical\" href=\"https:\/\/59depannemicro.fr\/index.php\/contact-informatique-arras\/\" \/>\n<meta property=\"og:locale\" content=\"fr_FR\" \/>\n<meta property=\"og:type\" content=\"article\" \/>\n<meta property=\"og:title\" content=\"Contact Informatique Arras\" \/>\n<meta property=\"og:description\" content=\"Contact Informatique Arras 59 D\u00e9panne Micro service de d\u00e9pannage informatique \u00e0 domicile sur le secteur de Vitry En artois, Arras, Marquion\" \/>\n<meta property=\"og:url\" content=\"https:\/\/59depannemicro.fr\/index.php\/contact-informatique-arras\/\" \/>\n<meta property=\"og:site_name\" content=\"59 D\u00e9panne Micro\" \/>\n<meta property=\"article:publisher\" content=\"https:\/\/www.facebook.com\/59-Depanne-micro-822201284496358\" \/>\n<meta property=\"article:modified_time\" content=\"2025-09-26T08:46:08+00:00\" \/>\n<meta property=\"og:image\" content=\"https:\/\/59depannemicro.fr\/wp-content\/uploads\/2021\/11\/images.png\" \/>\n<meta name=\"twitter:card\" content=\"summary_large_image\" \/>\n<meta name=\"twitter:label1\" content=\"Dur\u00e9e de lecture estim\u00e9e\" \/>\n\t<meta name=\"twitter:data1\" content=\"3 minutes\" \/>\n<script type=\"application\/ld+json\" class=\"yoast-schema-graph\">{\"@context\":\"https:\\\/\\\/schema.org\",\"@graph\":[{\"@type\":\"WebPage\",\"@id\":\"https:\\\/\\\/59depannemicro.fr\\\/index.php\\\/contact-informatique-arras\\\/\",\"url\":\"https:\\\/\\\/59depannemicro.fr\\\/index.php\\\/contact-informatique-arras\\\/\",\"name\":\"Contact Informatique Arras\",\"isPartOf\":{\"@id\":\"https:\\\/\\\/59depannemicro.fr\\\/#website\"},\"primaryImageOfPage\":{\"@id\":\"https:\\\/\\\/59depannemicro.fr\\\/index.php\\\/contact-informatique-arras\\\/#primaryimage\"},\"image\":{\"@id\":\"https:\\\/\\\/59depannemicro.fr\\\/index.php\\\/contact-informatique-arras\\\/#primaryimage\"},\"thumbnailUrl\":\"https:\\\/\\\/59depannemicro.fr\\\/wp-content\\\/uploads\\\/2021\\\/11\\\/images.png\",\"datePublished\":\"2020-09-17T14:40:33+00:00\",\"dateModified\":\"2025-09-26T08:46:08+00:00\",\"description\":\"Contact Informatique Arras 59 D\u00e9panne Micro service de d\u00e9pannage informatique \u00e0 domicile sur le secteur de Vitry En artois, Arras, Marquion\",\"breadcrumb\":{\"@id\":\"https:\\\/\\\/59depannemicro.fr\\\/index.php\\\/contact-informatique-arras\\\/#breadcrumb\"},\"inLanguage\":\"fr-FR\",\"potentialAction\":[{\"@type\":\"ReadAction\",\"target\":[\"https:\\\/\\\/59depannemicro.fr\\\/index.php\\\/contact-informatique-arras\\\/\"]}]},{\"@type\":\"ImageObject\",\"inLanguage\":\"fr-FR\",\"@id\":\"https:\\\/\\\/59depannemicro.fr\\\/index.php\\\/contact-informatique-arras\\\/#primaryimage\",\"url\":\"https:\\\/\\\/59depannemicro.fr\\\/wp-content\\\/uploads\\\/2021\\\/11\\\/images.png\",\"contentUrl\":\"https:\\\/\\\/59depannemicro.fr\\\/wp-content\\\/uploads\\\/2021\\\/11\\\/images.png\"},{\"@type\":\"BreadcrumbList\",\"@id\":\"https:\\\/\\\/59depannemicro.fr\\\/index.php\\\/contact-informatique-arras\\\/#breadcrumb\",\"itemListElement\":[{\"@type\":\"ListItem\",\"position\":1,\"name\":\"Accueil\",\"item\":\"https:\\\/\\\/59depannemicro.fr\\\/\"},{\"@type\":\"ListItem\",\"position\":2,\"name\":\"Contact\"}]},{\"@type\":\"WebSite\",\"@id\":\"https:\\\/\\\/59depannemicro.fr\\\/#website\",\"url\":\"https:\\\/\\\/59depannemicro.fr\\\/\",\"name\":\"59 D\u00e9panne Micro\",\"description\":\"D\u00e9pannage Informatique \u00e0 domicile Arras Vitry En Artois\",\"publisher\":{\"@id\":\"https:\\\/\\\/59depannemicro.fr\\\/#organization\"},\"potentialAction\":[{\"@type\":\"SearchAction\",\"target\":{\"@type\":\"EntryPoint\",\"urlTemplate\":\"https:\\\/\\\/59depannemicro.fr\\\/?s={search_term_string}\"},\"query-input\":{\"@type\":\"PropertyValueSpecification\",\"valueRequired\":true,\"valueName\":\"search_term_string\"}}],\"inLanguage\":\"fr-FR\"},{\"@type\":\"Organization\",\"@id\":\"https:\\\/\\\/59depannemicro.fr\\\/#organization\",\"name\":\"59 D\u00e9panne Micro\",\"url\":\"https:\\\/\\\/59depannemicro.fr\\\/\",\"logo\":{\"@type\":\"ImageObject\",\"inLanguage\":\"fr-FR\",\"@id\":\"https:\\\/\\\/59depannemicro.fr\\\/#\\\/schema\\\/logo\\\/image\\\/\",\"url\":\"https:\\\/\\\/59depannemicro.fr\\\/wp-content\\\/uploads\\\/2020\\\/09\\\/logo.png\",\"contentUrl\":\"https:\\\/\\\/59depannemicro.fr\\\/wp-content\\\/uploads\\\/2020\\\/09\\\/logo.png\",\"width\":396,\"height\":116,\"caption\":\"59 D\u00e9panne Micro\"},\"image\":{\"@id\":\"https:\\\/\\\/59depannemicro.fr\\\/#\\\/schema\\\/logo\\\/image\\\/\"},\"sameAs\":[\"https:\\\/\\\/www.facebook.com\\\/59-Depanne-micro-822201284496358\"]}]}<\/script>\n<!-- \/ Yoast SEO plugin. -->","yoast_head_json":{"title":"Contact Informatique Arras","description":"Contact Informatique Arras 59 D\u00e9panne Micro service de d\u00e9pannage informatique \u00e0 domicile sur le secteur de Vitry En artois, Arras, Marquion","robots":{"index":"index","follow":"follow","max-snippet":"max-snippet:-1","max-image-preview":"max-image-preview:large","max-video-preview":"max-video-preview:-1"},"canonical":"https:\/\/59depannemicro.fr\/index.php\/contact-informatique-arras\/","og_locale":"fr_FR","og_type":"article","og_title":"Contact Informatique Arras","og_description":"Contact Informatique Arras 59 D\u00e9panne Micro service de d\u00e9pannage informatique \u00e0 domicile sur le secteur de Vitry En artois, Arras, Marquion","og_url":"https:\/\/59depannemicro.fr\/index.php\/contact-informatique-arras\/","og_site_name":"59 D\u00e9panne Micro","article_publisher":"https:\/\/www.facebook.com\/59-Depanne-micro-822201284496358","article_modified_time":"2025-09-26T08:46:08+00:00","og_image":[{"url":"https:\/\/59depannemicro.fr\/wp-content\/uploads\/2021\/11\/images.png","type":"","width":"","height":""}],"twitter_card":"summary_large_image","twitter_misc":{"Dur\u00e9e de lecture estim\u00e9e":"3 minutes"},"schema":{"@context":"https:\/\/schema.org","@graph":[{"@type":"WebPage","@id":"https:\/\/59depannemicro.fr\/index.php\/contact-informatique-arras\/","url":"https:\/\/59depannemicro.fr\/index.php\/contact-informatique-arras\/","name":"Contact Informatique Arras","isPartOf":{"@id":"https:\/\/59depannemicro.fr\/#website"},"primaryImageOfPage":{"@id":"https:\/\/59depannemicro.fr\/index.php\/contact-informatique-arras\/#primaryimage"},"image":{"@id":"https:\/\/59depannemicro.fr\/index.php\/contact-informatique-arras\/#primaryimage"},"thumbnailUrl":"https:\/\/59depannemicro.fr\/wp-content\/uploads\/2021\/11\/images.png","datePublished":"2020-09-17T14:40:33+00:00","dateModified":"2025-09-26T08:46:08+00:00","description":"Contact Informatique Arras 59 D\u00e9panne Micro service de d\u00e9pannage informatique \u00e0 domicile sur le secteur de Vitry En artois, Arras, Marquion","breadcrumb":{"@id":"https:\/\/59depannemicro.fr\/index.php\/contact-informatique-arras\/#breadcrumb"},"inLanguage":"fr-FR","potentialAction":[{"@type":"ReadAction","target":["https:\/\/59depannemicro.fr\/index.php\/contact-informatique-arras\/"]}]},{"@type":"ImageObject","inLanguage":"fr-FR","@id":"https:\/\/59depannemicro.fr\/index.php\/contact-informatique-arras\/#primaryimage","url":"https:\/\/59depannemicro.fr\/wp-content\/uploads\/2021\/11\/images.png","contentUrl":"https:\/\/59depannemicro.fr\/wp-content\/uploads\/2021\/11\/images.png"},{"@type":"BreadcrumbList","@id":"https:\/\/59depannemicro.fr\/index.php\/contact-informatique-arras\/#breadcrumb","itemListElement":[{"@type":"ListItem","position":1,"name":"Accueil","item":"https:\/\/59depannemicro.fr\/"},{"@type":"ListItem","position":2,"name":"Contact"}]},{"@type":"WebSite","@id":"https:\/\/59depannemicro.fr\/#website","url":"https:\/\/59depannemicro.fr\/","name":"59 D\u00e9panne Micro","description":"D\u00e9pannage Informatique \u00e0 domicile Arras Vitry En Artois","publisher":{"@id":"https:\/\/59depannemicro.fr\/#organization"},"potentialAction":[{"@type":"SearchAction","target":{"@type":"EntryPoint","urlTemplate":"https:\/\/59depannemicro.fr\/?s={search_term_string}"},"query-input":{"@type":"PropertyValueSpecification","valueRequired":true,"valueName":"search_term_string"}}],"inLanguage":"fr-FR"},{"@type":"Organization","@id":"https:\/\/59depannemicro.fr\/#organization","name":"59 D\u00e9panne Micro","url":"https:\/\/59depannemicro.fr\/","logo":{"@type":"ImageObject","inLanguage":"fr-FR","@id":"https:\/\/59depannemicro.fr\/#\/schema\/logo\/image\/","url":"https:\/\/59depannemicro.fr\/wp-content\/uploads\/2020\/09\/logo.png","contentUrl":"https:\/\/59depannemicro.fr\/wp-content\/uploads\/2020\/09\/logo.png","width":396,"height":116,"caption":"59 D\u00e9panne Micro"},"image":{"@id":"https:\/\/59depannemicro.fr\/#\/schema\/logo\/image\/"},"sameAs":["https:\/\/www.facebook.com\/59-Depanne-micro-822201284496358"]}]}},"_links":{"self":[{"href":"https:\/\/59depannemicro.fr\/index.php\/wp-json\/wp\/v2\/pages\/116","targetHints":{"allow":["GET"]}}],"collection":[{"href":"https:\/\/59depannemicro.fr\/index.php\/wp-json\/wp\/v2\/pages"}],"about":[{"href":"https:\/\/59depannemicro.fr\/index.php\/wp-json\/wp\/v2\/types\/page"}],"author":[{"embeddable":true,"href":"https:\/\/59depannemicro.fr\/index.php\/wp-json\/wp\/v2\/users\/1"}],"replies":[{"embeddable":true,"href":"https:\/\/59depannemicro.fr\/index.php\/wp-json\/wp\/v2\/comments?post=116"}],"version-history":[{"count":155,"href":"https:\/\/59depannemicro.fr\/index.php\/wp-json\/wp\/v2\/pages\/116\/revisions"}],"predecessor-version":[{"id":1404,"href":"https:\/\/59depannemicro.fr\/index.php\/wp-json\/wp\/v2\/pages\/116\/revisions\/1404"}],"wp:attachment":[{"href":"https:\/\/59depannemicro.fr\/index.php\/wp-json\/wp\/v2\/media?parent=116"}],"curies":[{"name":"wp","href":"https:\/\/api.w.org\/{rel}","templated":true}]}}